+ 2. Let v(w) = 5*p(w) - q(w). What are the prime factors of v(4)?
3, 11
List the prime factors of 3*(-45)/162*-282.
5, 47
Let j(s) = 40*s**2 - 156*s + 2571. List the prime factors of j(30).
3, 11, 13, 79
Suppose -56*p + 698740 = 36*p. What are the prime factors of p?
5, 7, 31
Let a = 14615 + -9024. List the prime factors of a.
5591
Suppose -l - 2*m = -5 - 4, -m = 4*l - 22. Suppose -2*n + 0*n = -l*w + 17, -4*w + 3*n + 15 = 0. What are the prime factors of w?
3
Let d(i) = 72*i + 57. List the prime factors of d(133).
3, 13, 19
Let k = -156 + 2543. List the prime factors of k.
7, 11, 31
Let d(w) = 2*w + 67. Let r(g) = -5*g - 201. Let q be 3 + (-40)/12 - 64/6. Let u(i) = q*d(i) - 4*r(i). What are the prime factors of u(0)?
67
Let g(m) be the third derivative of -m**5/60 - 25*m**4/24 - 7*m**3 + 50*m**2. What are the prime factors of g(-22)?
2, 3
Let f = 165 - 139. List the prime factors of ((-13)/f)/(-3 + 11265/3756).
2, 313
Suppose 5*n - g = 5, 2 - 4 = 4*n - 2*g. Let m be 2*(-1)/n*-5. Suppose m*z + 162 + 148 = 5*i, i - 87 = -4*z. List the prime factors of i.
67
Suppose -5*u = -1 + 6, 0 = 5*p + 5*u - 5. Suppose 5*o + p*g = 3426, 2*o - g - 2*g = 1359. What are the prime factors of o?
2, 3, 19
List the prime factors of (-2)/(-2) + 87 + 5737.
5, 233
Let x = 59203 + -12788. List the prime factors of x.
5, 9283
Suppose 23*p + 708517 = -39*p + 4202465. What are the prime factors of p?
2, 19, 1483
Suppose 0 = d - 3*g - 33, -5*g = -d + 3*d - 11. Let b be -3 + (-4 - d/(-3)). What are the prime factors of (77/(-2) + b)*-4?
2, 79
Suppose 23*a - 18*a - 52345 = 0. Suppose -32*n = -6171 - a. What are the prime factors of n?
2, 5, 13
Suppose 69*j - 3*l + 52913 = 71*j, 2*l - 6 = 0. List the prime factors of j.
2, 17, 389
Let w(k) be the first derivative of -3*k**2 - 4*k + 62. Suppose -4*h - 40 = 4*f, -2*h + f = -16 + 45. List the prime factors of w(h).
2, 37
Suppose 4*p - 4*z - 133 = -13, -4*p + 3*z = -116. Let b be (-13)/p + (-2)/4. List the prime factors of 1/(-7)*b - (-8806)/98.
2, 3, 5
Let h(b) = 3082*b**3 - b**2 + b - 2. Let v be h(1). Suppose 5729 = 23*o - v. What are the prime factors of o?
383
Let n = 14049 - -9434. List the prime factors of n.
23, 1021
Suppose -5*f + 5 = 0, 0 = w + 2*f - 3*f + 33. Let x = 31 - -6. Let l = x + w. List the prime factors of l.
5
Let k = 113325 - 25235. List the prime factors of k.
2, 5, 23, 383
Let r = 18583 - 12683. List the prime factors of r.
2, 5, 59
Let p be (-316)/10 - (-6)/(-15). Let g = p - -59. Let h = g + -18. What are the prime factors of h?
3
Let d(n) = -5151 - 17*n + 11*n**2 - n**2 + n**3 + 5143. List the prime factors of d(-11).
2, 29
Suppose -2*k = 3*k + 23770. Let z = k + 6783. List the prime factors of z.
2029
Let f(b) = b**3 - 28*b**2 + 54*b + 146. List the prime factors of f(29).
3, 23, 37
Suppose -z = u - 6063, -3*z + 4*u + 3525 = -14622. List the prime factors of z.
3, 673
Let a(p) = 2*p**3 - 3*p**2 - 3*p + 6. Let i be a(-3). Let z = -63 - i. Suppose 3*l = -2*b + 398, -400 = -z*l - b - 0*b. List the prime factors of l.
2, 67
Let z(u) = -4*u - 23. Let a(c) = -c**3 - 2*c**2 + 11*c + 5. Let i be a(-4). Let h be z(i). Suppose 0*x = -h*x + 205. What are the prime factors of x?
41
Let j(v) be the second derivative of v**4/6 - v**3/6 + v**2/2 - 5*v. Let z be j(2). Let y(c) = 12*c - 24. What are the prime factors of y(z)?
2, 3, 5
Suppose 45516 = -g + 6*g + 2*x, -18214 = -2*g + 3*x. List the prime factors of g.
2, 569
Let w(i) = 25*i**2 - 155*i + 3406. What are the prime factors of w(28)?
2, 3, 17, 61
List the prime factors of 1/((-17)/4301)*(1 - (-14)/(-1)).
11, 13, 23
Let n be 6*(-39)/24 + 1/(-4). Let r be n/35 + (1 - 149/(-7)). Suppose 13 = 5*y - r. List the prime factors of y.
7
Let p = -418 - -6344. List the prime factors of p.
2, 2963
Suppose -8*o = -26688 + 4321 - 6977. What are the prime factors of o?
2, 7, 131
Suppose -2*f = -5*j + 8, -3*j = -2*f - f - 3. Suppose 5*w = j*w + 258. List the prime factors of w.
2, 43
Let q(d) = -d**3 - 30*d**2 + 17*d - 84. Let a be q(-31). List the prime factors of (420/a)/(2/1635).
3, 109
Let k be -2*(5 + -3 + 2). List the prime factors of k/28 + (25832/14)/4.
461
Let o(j) = 842*j**2 + 5*j - 3. Let y be o(1). List the prime factors of (44/(-88))/((-2)/y).
211
Suppose 0 = 3*y + 2*s - 20, 4*s - 8 = -4*y + 2*y. Suppose -y = -q - p, 65 - 15 = 4*q - 2*p. Suppose q*c - 9*c - 176 = 0. List the prime factors of c.
2, 11
Suppose -149719 + 317594 = -128*o + 1883075. What are the prime factors of o?
2, 5, 67
Suppose -138*l - 559930 + 1878998 = -95*l. List the prime factors of l.
2, 7669
Let o(p) = -4*p + 30. Let z be o(10). Let r be z - 4/(2 + -3). Let s(t) = 3*t**2 + 7*t - 4. What are the prime factors of s(r)?
2, 31
Let w(y) = -1546*y + 1903. List the prime factors of w(-22).
5, 11, 653
Suppose 100*d - 177*d = -87*d + 251500. List the prime factors of d.
2, 5, 503
Let u = 27 - 46. Let h(k) = k**2 - 76*k + 121. Let a be h(74). Let q = u - a. List the prime factors of q.
2
Let u be -2*4/8*93. Let v = u - -506. List the prime factors of v.
7, 59
Let z = 68 + -91. Let j = 120 - z. Suppose 63 = 2*m - j. What are the prime factors of m?
103
What are the prime factors of (-1 - (-117484)/14) + ((-2052)/266 - -8)?
3, 2797
Let w = 5699 + -2438. List the prime factors of w.
3, 1087
Let w = -591 - -1755. Suppose 10*s = 22*s - w. List the prime factors of s.
97
Let c be -2646 - (-6 + (-64)/(-8)). Let k = 3954 + c. List the prime factors of k.
2, 653
Suppose -1865 = -i + 802. Suppose -2*h = -3*b - i, 5*h = 3*h - 4*b + 2702. What are the prime factors of h?
3, 149
Suppose j - 3*z = -3*j - 8, 3*j - 4*z + 6 = 0. Let n be (-168)/(-20)*(-5)/j. Suppose 2*p - 36 = 2*t, -3*t - 14 = -2*p + n. List the prime factors of p.
19
Let v(n) = 4*n**2 + 27*n + 50. Let a(p) = -5*p**2 - 31*p - 56. Let k(w) = -6*a(w) - 7*v(w). Let g be 4/2 + -1 - -6. List the prime factors of k(g).
3, 7
Let w(x) = x**3 + 10*x**2 - 17*x + 11. Let h be w(-12). Let t = 168 - h. Suppose t = 3*m + 5*g, 0 = -5*m - 0*g + 4*g + 451. List the prime factors of m.
3, 29
Let v be 5 + 1 + (-126)/(-16 - -22). What are the prime factors of -2778*(v/9 + 1)?
2, 463
Suppose g + 362 = 354, 3*y + 3*g - 197946 = 0. What are the prime factors of y?
2, 5, 6599
Let m = -835 + 831. Let o(u) = 48*u**2 + 2*u - 3. What are the prime factors of o(m)?
757
Let v be -1*(-28)/(0 + -2). Let n(b) be the first derivative of -b**4/4 - 5*b**3 - 10*b**2 - 4*b - 666. What are the prime factors of n(v)?
2, 5
Let g = -158 + 415. Suppose 0 = -3*v - 2*b + 1433, 2*v = -4*b - g + 1215. List the prime factors of v.
3, 53
Let o be 42/11 + 0 - (-18)/99. Suppose -2*v + v - 3*n = 8, 0 = -3*v - o*n - 19. What are the prime factors of 81 + ((-2)/1 - v)?
2, 3, 7
Let x(h) = h - 2. Let z(u) = 20*u - 79. Let a(r) = x(r) - z(r). List the prime factors of a(-26).
571
Let n = 268 - 268. Suppose n = -7*b + 846 + 1275. List the prime factors of b.
3, 101
Let m = -160 + 364. Let s be (-409 + 413)/(2/22*-4). Let x = m - s. What are the prime factors of x?
5, 43
Suppose -3*w + 5233 = 2*o, -7*o = -5*w - 2*o + 8705. Let k = w + -433. What are the prime factors of k?
2, 5, 131
Let n = -166 - -170. Suppose -7*u + 598 = n*l - 9*u, 0 = -5*l + 3*u + 750. List the prime factors of l.
3, 7
Let l(r) = -201*r + 12. Let q(u) = -10 + 44*u + 26*u + 130*u. Let h(s) = 3*l(s) + 4*q(s). What are the prime factors of h(1)?
193
Suppose r - 4 = -8*j + 5*j, 0 = 5*r - 4*j - 20. Suppose 0 = -3*w - w - 5*u + 39, 4*w - r*u - 12 = 0. What are the prime factors of w?
2, 3
Let n be 2*(28/8 - 2). Suppose -4*f = n*f - 42. Suppose -5*h + f*h = 135. What are the prime factors of h?
3, 5
Suppose 5*f - 3*n = 91436, -f + 18*n = -12582 - 5653. What are the prime factors of f?
18289
Let v(d) = 16*d + 10. Suppose -z = 3*q + 6, -2*q - 3*q - 61 = -4*z. Let l be v(z). Let f = l + -90. What are the prime factors of f?
2
Let u(n) = 574*n**2 - 4*n + 2. Suppose -20*w - 19 = -19*w + 4*k, 16 = w - 3*k. What are the prime factors of u(w)?
2, 11, 13
What are the prime factors of 2/9 + 1881531/81 + -18?
3, 2579
List the prime factors of 9*(-597)/18*(5 + 374/(-6)).
2, 43, 199
Let r(c) = -c**3 + 4*c**2 + 5. Let l be r(4). Suppose 186 = 5*i + 2*a, l*i - 3*a + 8*a - 195 = 0. Let k = i - 26. What are the prime factors of k?
2, 5
Let u(y) = 34*y**2